{"id":107,"date":"2017-08-15T17:34:49","date_gmt":"2017-08-15T17:34:49","guid":{"rendered":"http:\/\/tierarztpraxis-miltenberg.de\/?page_id=107"},"modified":"2018-01-04T20:52:14","modified_gmt":"2018-01-04T20:52:14","slug":"anfahrt","status":"publish","type":"page","link":"https:\/\/tierarztpraxis-miltenberg.de\/?page_id=107","title":{"rendered":"\u00bb Anfahrt"},"content":{"rendered":"<table class=\" aligncenter\" style=\"width: 100%;\">\n<tbody>\n<tr>\n<td><span style=\"font-size: 12pt;\"><strong>Die Tierarztpraxis liegt verkehrsg\u00fcnstig und ist wie folgt bequem zu erreichen:<\/strong><\/span><\/p>\n<p><span style=\"font-size: 12pt;\"><strong><span style=\"color: #993300;\">\u203a Mit \u00f6ffentlichen Verkehrsmitteln<\/span><\/strong><\/span><\/p>\n<p><span style=\"font-family: inherit; font-size: 12pt;\"><span style=\"font-family: inherit;\"><span style=\"font-family: inherit;\"><span style=\"font-family: inherit;\">In der Bischoffstra\u00dfe befindet sich direkt vor der Tierarztpraxis eine Bushaltestelle (Linie 88). Der Bahnhof ist auch in unmittelbarer N\u00e4he.<\/span><\/span><\/span><\/span><\/p>\n<p><span style=\"font-size: 12pt;\"><strong><span style=\"color: #993300;\">\u203a Mit dem Auto<\/span><\/strong><\/span><\/p>\n<p><span style=\"font-family: inherit; font-size: 12pt;\"><span style=\"color: #993300;\">Von Gro\u00dfheubach kommend<\/span>: nach den Bahnschienen rechts in die Bischoffstrasse einbiegen. Die Praxis befindet sich auf der rechten Seite.<\/span><\/p>\n<p><span style=\"font-family: inherit; font-size: 12pt;\"><span style=\"color: #993300;\">Von Miltenberg-Stadt kommend<\/span>: \u00fcber die Br\u00fccke nach Miltenberg-Nord fahren. Die 2. Strasse links einbiegen. Die Praxis befindet sich auf der linken Seite.<\/span><\/p>\n<p><span style=\"font-size: 12pt;\"><strong>Sechs praxiseigene Parkpl\u00e4tze<\/strong><strong> befinden sich direkt vor der Tierarztpraxis.<\/strong><\/span><\/td>\n<\/tr>\n<tr>\n<td><iframe loading=\"lazy\" width=\"600\" height=\"450\" frameborder=\"0\" style=\"border:0\" src=\"https:\/\/www.google.com\/maps\/embed\/v1\/place?q=place_id:ChIJVbyj_-hUvUcR_ntGKG8Ob38&#038;key=AIzaSyDfdSsDmHKgpNSqLAX4JBskYVP3_2xJvo4\" allowfullscreen><\/iframe><\/p>\n<p><span style=\"font-size: 12pt;\"><strong>Tierarztpraxis<\/strong><\/span><br \/>\n<span style=\"font-size: 12pt;\"> Meinunger&amp;W\u00f6lfelschneider<\/span><br \/>\n<span style=\"font-size: 12pt;\"> Bischoffstra\u00dfe 31<\/span><br \/>\n<span style=\"font-size: 12pt;\"> 63897 Miltenberg<\/span><\/td>\n<\/tr>\n<\/tbody>\n<\/table>\n","protected":false},"excerpt":{"rendered":"<p>Die Tierarztpraxis liegt verkehrsg\u00fcnstig und ist wie folgt bequem zu erreichen: \u203a Mit \u00f6ffentlichen Verkehrsmitteln In der Bischoffstra\u00dfe befindet sich direkt vor der Tierarztpraxis eine Bushaltestelle (Linie 88). Der Bahnhof ist auch in unmittelbarer N\u00e4he. \u203a Mit dem Auto Von&hellip; <\/p>\n","protected":false},"author":1,"featured_media":0,"parent":0,"menu_order":0,"comment_status":"closed","ping_status":"closed","template":"","meta":{"footnotes":""},"class_list":["post-107","page","type-page","status-publish","hentry"],"_links":{"self":[{"href":"https:\/\/tierarztpraxis-miltenberg.de\/index.php?rest_route=\/wp\/v2\/pages\/107","targetHints":{"allow":["GET"]}}],"collection":[{"href":"https:\/\/tierarztpraxis-miltenberg.de\/index.php?rest_route=\/wp\/v2\/pages"}],"about":[{"href":"https:\/\/tierarztpraxis-miltenberg.de\/index.php?rest_route=\/wp\/v2\/types\/page"}],"author":[{"embeddable":true,"href":"https:\/\/tierarztpraxis-miltenberg.de\/index.php?rest_route=\/wp\/v2\/users\/1"}],"replies":[{"embeddable":true,"href":"https:\/\/tierarztpraxis-miltenberg.de\/index.php?rest_route=%2Fwp%2Fv2%2Fcomments&post=107"}],"version-history":[{"count":63,"href":"https:\/\/tierarztpraxis-miltenberg.de\/index.php?rest_route=\/wp\/v2\/pages\/107\/revisions"}],"predecessor-version":[{"id":934,"href":"https:\/\/tierarztpraxis-miltenberg.de\/index.php?rest_route=\/wp\/v2\/pages\/107\/revisions\/934"}],"wp:attachment":[{"href":"https:\/\/tierarztpraxis-miltenberg.de\/index.php?rest_route=%2Fwp%2Fv2%2Fmedia&parent=107"}],"curies":[{"name":"wp","href":"https:\/\/api.w.org\/{rel}","templated":true}]}}